lculate the remainder when 136 is divided by 58.
20
Calculate the remainder when 276 is divided by 16.
4
What is the remainder when 60 is divided by 49?
11
What is the remainder when 272 is divided by 23?
19
Calculate the remainder when 313 is divided by 149.
15
What is the remainder when 206 is divided by 56?
38
What is the remainder when 86 is divided by 48?
38
Calculate the remainder when 679 is divided by 22.
19
What is the remainder when 324 is divided by 87?
63
What is the remainder when 346 is divided by 128?
90
What is the remainder when 549 is divided by 123?
57
Calculate the remainder when 1836 is divided by 455.
16
Calculate the remainder when 7765 is divided by 11.
10
Calculate the remainder when 1175 is divided by 290.
15
What is the remainder when 417 is divided by 38?
37
Calculate the remainder when 842 is divided by 211.
209
What is the remainder when 39 is divided by 15?
9
What is the remainder when 100 is divided by 27?
19
What is the remainder when 247 is divided by 3?
1
What is the remainder when 620 is divided by 104?
100
What is the remainder when 316 is divided by 25?
16
Calculate the remainder when 107 is divided by 11.
8
Calculate the remainder when 439 is divided by 70.
19
Calculate the remainder when 205 is divided by 37.
20
What is the remainder when 96 is divided by 26?
18
Calculate the remainder when 294 is divided by 70.
14
Calculate the remainder when 611 is divided by 202.
5
What is the remainder when 253 is divided by 52?
45
What is the remainder when 367 is divided by 8?
7
Calculate the remainder when 636 is divided by 83.
55
Calculate the remainder when 4982 is divided by 56.
54
What is the remainder when 674 is divided by 27?
26
What is the remainder when 83 is divided by 14?
13
What is the remainder when 1412 is divided by 118?
114
What is the remainder when 629 is divided by 90?
89
Calculate the remainder when 603 is divided by 29.
23
What is the remainder when 1066 is divided by 9?
4
What is the remainder when 275 is divided by 23?
22
What is the remainder when 210 is divided by 7?
0
Calculate the remainder when 2893 is divided by 16.
13
What is the remainder when 42 is divided by 18?
6
Calculate the remainder when 698 is divided by 26.
22
What is the remainder when 1375 is divided by 26?
23
What is the remainder when 1113 is divided by 165?
123
Calculate the remainder when 1896 is divided by 274.
252
Calculate the remainder when 546 is divided by 25.
21
Calculate the remainder when 150 is divided by 24.
6
What is the remainder when 236 is divided by 40?
36
What is the remainder when 5319 is divided by 662?
23
Calculate the remainder when 1777 is divided by 468.
373
What is the remainder when 45 is divided by 34?
11
Calculate the remainder when 93 is divided by 6.
3
Calculate the remainder when 5583 is divided by 147.
144
What is the remainder when 867 is divided by 7?
6
Calculate the remainder when 463 is divided by 92.
3
What is the remainder when 167 is divided by 30?
17
What is the remainder when 1702 is divided by 14?
8
Calculate the remainder when 105 is divided by 44.
17
Calculate the remainder when 337 is divided by 5.
2
What is the remainder when 574 is divided by 31?
16
Calculate the remainder when 362 is divided by 61.
57
What is the remainder when 564 is divided by 279?
6
What is the remainder when 5677 is divided by 10?
7
What is the remainder when 66 is divided by 25?
16
What is the remainder when 149 is divided by 88?
61
What is the remainder when 158 is divided by 18?
14
Calculate the remainder when 551 is divided by 135.
11
What is the remainder when 4488 is divided by 1493?
9
What is the remainder when 304 is divided by 252?
52
What is the remainder when 459 is divided by 14?
11
Calculate the remainder when 442 is divided by 90.
82
Calculate the remainder when 310 is divided by 32.
22
Calculate the remainder when 545 is divided by 154.
83
What is the remainder when 389 is divided by 14?
11
What is the remainder when 768 is divided by 54?
12
Calculate the remainder when 7213 is divided by 111.
109
Calculate the remainder when 127 is divided by 63.
1
Calculate the remainder when 1847 is divided by 21.
20
Calculate the remainder when 353 is divided by 59.
58
Calculate the remainder when 182 is divided by 29.
8
What is the remainder when 59 is divided by 17?
8
What is the remainder when 20566 is divided by 24?
22
What is the remainder when 3950 is divided by 29?
6
Calculate the remainder when 9906 is divided by 354.
348
What is the remainder when 610 is divided by 19?
2
Calculate the remainder when 84 is divided by 52.
32
What is the remainder when 95 is divided by 8?
7
Calculate the remainder when 240 is divided by 230.
10
Calculate the remainder when 23 is divided by 21.
2
What is the remainder when 816 is divided by 51?
0
What is the remainder when 688 is divided by 10?
8
What is the remainder when 157 is divided by 71?
15
What is the remainder when 1667 is divided by 21?
8
What is the remainder when 421 is divided by 8?
5
Calculate the remainder when 38 is divided by 22.
16
Calculate the remainder when 671 is divided by 35.
6
What is the remainder when 603 is divided by 338?
265
What is the remainder when 654 is divided by 351?
303
What is the remainder when 3626 is divided by 47?
7
Calculate the remainder when 411 is divided by 6.
3
Calculate the remainder when 11661 is divided by 98.
97
What is the remainder when 702 is divided by 47?
44
What is the remainder when 86 is divided by 41?
4
Calculate the remainder when 89 is divided by 13.
11
Calculate the remainder when 838 is divided by 36.
10
What is the remainder when 196 is divided by 75?
46
What is the remainder when 3884 is divided by 35?
34
Calculate the remainder when 469 is divided by 113.
17
What is the remainder when 441 is divided by 91?
77
Calculate the remainder when 56 is divided by 24.
8
What is the remainder when 70 is divided by 15?
10
What is the remainder when 1284 is divided by 3?
0
What is the remainder when 69 is divided by 39?
30
Calculate the remainder when 188 is divided by 58.
14
What is the remainder when 159 is divided by 51?
6
What is the remainder when 27 is divided by 23?
4
Calculate the remainder when 1877 is divided by 47.
44
Calculate the remainder when 159 is divided by 48.
15
What is the remainder when 191 is divided by 65?
61
Calculate the remainder when 2334 is divided by 73.
71
What is the remainder when 157 is divided by 16?
13
What is the remainder when 337 is divided by 34?
31
Calculate the remainder when 252 is divided by 23.
22
Calculate the remainder when 12623 is divided by 101.
99
Calculate the remainder when 379 is divided by 10.
9
Calculate the remainder when 2108 is divided by 4.
0
What is the remainder when 124 is divided by 20?
4
What is the remainder when 96 is divided by 21?
12
What is the remainder when 168 is divided by 37?
20
What is the remainder when 459 is divided by 119?
102
What is the remainder when 279 is divided by 74?
57
What is the remainder when 751 is divided by 47?
46
Calculate the remainder when 69 is divided by 10.
9
What is the remainder when 281 is divided by 128?
25
Calculate the remainder when 2489 is divided by 62.
9
Calculate the remainder when 72 is divided by 2.
0
What is the remainder when 391 is divided by 235?
156
What is the remainder when 527 is divided by 66?
65
What is the remainder when 876 is divided by 68?
60
Calculate the remainder when 155 is divided by 55.
45
Calculate the remainder when 1379 is divided by 126.
119
What is the remainder when 431 is divided by 54?
53
What is the remainder when 2724 is divided by 94?
92
What is the remainder when 766 is divided by 59?
58
What is the remainder when 819 is divided by 41?
40
What is the remainder when 226 is divided by 23?
19
What is the remainder when 341 is divided by 57?
56
Calculate the remainder when 5446 is divided by 24.
22
What is the remainder when 9768 is divided by 181?
175
What is the remainder when 4480 is divided by 59?
55
Calculate the remainder when 107 is divided by 32.
11
What is the remainder when 52 is divided by 42?
10
Calculate the remainder when 3176 is divided by 144.
8
Calculate the remainder when 526 is divided by 53.
49
Calculate the remainder when 12729 is divided by 